{"id":69,"date":"2023-02-05T10:29:35","date_gmt":"2023-02-05T10:29:35","guid":{"rendered":"http:\/\/jawia.isap.info.pl\/?page_id=69"},"modified":"2024-09-25T07:04:12","modified_gmt":"2024-09-25T07:04:12","slug":"statut","status":"publish","type":"page","link":"https:\/\/jawia.pl\/?page_id=69","title":{"rendered":"Statut"},"content":{"rendered":"\n<p><strong>Stowarzyszenia Krzewienia Kultury S\u0142owia\u0144skiej \u201eJAWIA\u201d<\/strong><br>Niniejszy statut jest podstawowym dokumentem prawnym, kt\u00f3ry ma za zadanie pomaga\u0107 w sprawnym kierowaniu dzia\u0142aniami stowarzyszenia oraz wszelkimi sprawami tycz\u0105cymi si\u0119 jego dzia\u0142alno\u015bci. Statut ten powsta\u0142 na podstawie Ustawy z dnia 7 kwietnia 1989 r.<\/p>\n\n\n\n<div class=\"wp-block-buttons is-content-justification-center is-layout-flex wp-container-core-buttons-is-layout-1 wp-block-buttons-is-layout-flex\">\n<div class=\"wp-block-button\"><a class=\"wp-block-button__link wp-element-button\" href=\"https:\/\/drive.google.com\/file\/d\/1cWXR4k5oc89RGMBdLoxqEWOnNZISreQv\/view?usp=sharing\" target=\"_blank\" rel=\"noreferrer noopener nofollow\">PRZECZYTAJ STATUT<\/a><\/div>\n<\/div>\n","protected":false},"excerpt":{"rendered":"<p>Stowarzyszenia Krzewienia Kultury S\u0142owia\u0144skiej \u201eJAWIA\u201dNiniejszy statut jest podstawowym dokumentem prawnym, kt\u00f3ry ma za zadanie pomaga\u0107 w sprawnym kierowaniu dzia\u0142aniami stowarzyszenia oraz wszelkimi sprawami tycz\u0105cymi si\u0119 jego dzia\u0142alno\u015bci. Statut ten powsta\u0142 na podstawie Ustawy z dnia 7 kwietnia 1989 r.<\/p>\n","protected":false},"author":1,"featured_media":0,"parent":0,"menu_order":0,"comment_status":"closed","ping_status":"closed","template":"","meta":{"neve_meta_sidebar":"","neve_meta_container":"","neve_meta_enable_content_width":"","neve_meta_content_width":0,"neve_meta_title_alignment":"","neve_meta_author_avatar":"","neve_post_elements_order":"","neve_meta_disable_header":"","neve_meta_disable_footer":"","neve_meta_disable_title":"","footnotes":""},"class_list":["post-69","page","type-page","status-publish","hentry"],"_links":{"self":[{"href":"https:\/\/jawia.pl\/index.php?rest_route=\/wp\/v2\/pages\/69"}],"collection":[{"href":"https:\/\/jawia.pl\/index.php?rest_route=\/wp\/v2\/pages"}],"about":[{"href":"https:\/\/jawia.pl\/index.php?rest_route=\/wp\/v2\/types\/page"}],"author":[{"embeddable":true,"href":"https:\/\/jawia.pl\/index.php?rest_route=\/wp\/v2\/users\/1"}],"replies":[{"embeddable":true,"href":"https:\/\/jawia.pl\/index.php?rest_route=%2Fwp%2Fv2%2Fcomments&post=69"}],"version-history":[{"count":3,"href":"https:\/\/jawia.pl\/index.php?rest_route=\/wp\/v2\/pages\/69\/revisions"}],"predecessor-version":[{"id":309,"href":"https:\/\/jawia.pl\/index.php?rest_route=\/wp\/v2\/pages\/69\/revisions\/309"}],"wp:attachment":[{"href":"https:\/\/jawia.pl\/index.php?rest_route=%2Fwp%2Fv2%2Fmedia&parent=69"}],"curies":[{"name":"wp","href":"https:\/\/api.w.org\/{rel}","templated":true}]}}