{"id":76,"date":"2023-02-05T10:39:15","date_gmt":"2023-02-05T10:39:15","guid":{"rendered":"http:\/\/jawia.isap.info.pl\/?page_id=76"},"modified":"2025-11-05T09:15:20","modified_gmt":"2025-11-05T09:15:20","slug":"kontakt","status":"publish","type":"page","link":"https:\/\/jawia.pl\/?page_id=76","title":{"rendered":""},"content":{"rendered":"\n<div class=\"wp-block-columns is-layout-flex wp-container-core-columns-is-layout-1 wp-block-columns-is-layout-flex\">\n<div class=\"wp-block-column is-layout-flow wp-block-column-is-layout-flow\" style=\"flex-basis:66.66%\"><\/div>\n<\/div>\n\n\n\n<div class=\"wp-block-columns is-layout-flex wp-container-core-columns-is-layout-2 wp-block-columns-is-layout-flex\">\n<div class=\"wp-block-column is-layout-flow wp-block-column-is-layout-flow\"><div class=\"wp-block-image\">\n<figure class=\"aligncenter size-full is-resized\"><img decoding=\"async\" width=\"960\" height=\"960\" data-src=\"https:\/\/jawia.pl\/wp-content\/uploads\/2024\/09\/437387194_7304366952951536_2487588383027240919_n.jpg\" alt=\"\" class=\"wp-image-304 lazyload\" style=\"--smush-placeholder-width: 960px; --smush-placeholder-aspect-ratio: 960\/960;width:292px;height:auto\" data-srcset=\"https:\/\/jawia.pl\/wp-content\/uploads\/2024\/09\/437387194_7304366952951536_2487588383027240919_n.jpg 960w, https:\/\/jawia.pl\/wp-content\/uploads\/2024\/09\/437387194_7304366952951536_2487588383027240919_n-300x300.jpg 300w, https:\/\/jawia.pl\/wp-content\/uploads\/2024\/09\/437387194_7304366952951536_2487588383027240919_n-150x150.jpg 150w, https:\/\/jawia.pl\/wp-content\/uploads\/2024\/09\/437387194_7304366952951536_2487588383027240919_n-768x768.jpg 768w\" data-sizes=\"(max-width: 960px) 100vw, 960px\" src=\"data:image\/svg+xml;base64,PHN2ZyB3aWR0aD0iMSIgaGVpZ2h0PSIxIiB4bWxucz0iaHR0cDovL3d3dy53My5vcmcvMjAwMC9zdmciPjwvc3ZnPg==\" \/><\/figure><\/div>\n\n\n<div style=\"height:16px\" aria-hidden=\"true\" class=\"wp-block-spacer\"><\/div>\n\n\n\n<p class=\"has-text-align-center\"><strong>Karolina Lisek<br><em>Prezes Stowarzyszenia<\/em><\/strong><br>tel.: +48 790 465 903<br>e-mail: skks.jawia@gmail.com<\/p>\n\n\n\n<p class=\"has-text-align-center\"><\/p>\n<\/div>\n\n\n\n<div class=\"wp-block-column is-layout-flow wp-block-column-is-layout-flow\">\n<div style=\"height:95px\" aria-hidden=\"true\" class=\"wp-block-spacer\"><\/div>\n\n\n\n<p class=\"has-text-align-center\"><strong>Szymon Gilis<br><\/strong><em><strong>Cz\u0142onek zarz\u0105du<\/strong><\/em><br><em><br><\/em>tel.: +48 606 972 094<\/p>\n\n\n\n<p class=\"has-text-align-center\"><strong>Bartosz Zawadzki<br>Cz\u0142onek zarz\u0105du<\/strong><br><br><\/p>\n<\/div>\n\n\n\n<div class=\"wp-block-column is-layout-flow wp-block-column-is-layout-flow\"><div class=\"wp-block-image\">\n<figure class=\"aligncenter size-full is-resized\"><img decoding=\"async\" width=\"512\" height=\"512\" data-src=\"http:\/\/jawia.isap.info.pl\/wp-content\/uploads\/2023\/02\/cropped-cropped-logo_jawia_mono.jpg\" alt=\"\" class=\"wp-image-21 lazyload\" style=\"--smush-placeholder-width: 512px; --smush-placeholder-aspect-ratio: 512\/512;width:199px;height:199px\" data-srcset=\"https:\/\/jawia.pl\/wp-content\/uploads\/2023\/02\/cropped-cropped-logo_jawia_mono.jpg 512w, https:\/\/jawia.pl\/wp-content\/uploads\/2023\/02\/cropped-cropped-logo_jawia_mono-300x300.jpg 300w, https:\/\/jawia.pl\/wp-content\/uploads\/2023\/02\/cropped-cropped-logo_jawia_mono-150x150.jpg 150w, https:\/\/jawia.pl\/wp-content\/uploads\/2023\/02\/cropped-cropped-logo_jawia_mono-60x60.jpg 60w, https:\/\/jawia.pl\/wp-content\/uploads\/2023\/02\/cropped-cropped-logo_jawia_mono-468x468.jpg 468w, https:\/\/jawia.pl\/wp-content\/uploads\/2023\/02\/cropped-cropped-logo_jawia_mono-270x270.jpg 270w, https:\/\/jawia.pl\/wp-content\/uploads\/2023\/02\/cropped-cropped-logo_jawia_mono-192x192.jpg 192w, https:\/\/jawia.pl\/wp-content\/uploads\/2023\/02\/cropped-cropped-logo_jawia_mono-180x180.jpg 180w, https:\/\/jawia.pl\/wp-content\/uploads\/2023\/02\/cropped-cropped-logo_jawia_mono-32x32.jpg 32w\" data-sizes=\"(max-width: 512px) 100vw, 512px\" src=\"data:image\/svg+xml;base64,PHN2ZyB3aWR0aD0iMSIgaGVpZ2h0PSIxIiB4bWxucz0iaHR0cDovL3d3dy53My5vcmcvMjAwMC9zdmciPjwvc3ZnPg==\" \/><\/figure><\/div>\n\n\n<p class=\"has-text-align-center has-neve-text-color-color has-text-color has-background\" style=\"background-color:#00000000;font-style:italic;font-weight:400\"><em>\u201eNa s\u0142owia\u0144skiej g\u00f3ry szczycie pod jasn\u0105 nadziei gwiazd\u0105 zapisuj\u0119 wr\u00f3\u017cby s\u0142owa wr\u00f3ci \u2013 wr\u00f3ci w stare gniazdo stare prawo, stara mowa i natchnione S\u0142owian \u017cycie\u201c <\/em> (Roman Zmorski)<\/p>\n<\/div>\n<\/div>\n","protected":false},"excerpt":{"rendered":"<p>Karolina LisekPrezes Stowarzyszeniatel.: +48 790 465 903e-mail: skks.jawia@gmail.com Szymon GilisCz\u0142onek zarz\u0105dutel.: +48 606 972 094 Bartosz ZawadzkiCz\u0142onek zarz\u0105du \u201eNa s\u0142owia\u0144skiej g\u00f3ry szczycie pod jasn\u0105 nadziei gwiazd\u0105 zapisuj\u0119 wr\u00f3\u017cby s\u0142owa wr\u00f3ci \u2013 wr\u00f3ci w stare gniazdo stare prawo, stara mowa i natchnione S\u0142owian \u017cycie\u201c (Roman Zmorski)<\/p>\n","protected":false},"author":1,"featured_media":0,"parent":0,"menu_order":0,"comment_status":"closed","ping_status":"closed","template":"","meta":{"neve_meta_sidebar":"","neve_meta_container":"","neve_meta_enable_content_width":"","neve_meta_content_width":0,"neve_meta_title_alignment":"","neve_meta_author_avatar":"","neve_post_elements_order":"","neve_meta_disable_header":"","neve_meta_disable_footer":"","neve_meta_disable_title":"","footnotes":""},"class_list":["post-76","page","type-page","status-publish","hentry"],"_links":{"self":[{"href":"https:\/\/jawia.pl\/index.php?rest_route=\/wp\/v2\/pages\/76"}],"collection":[{"href":"https:\/\/jawia.pl\/index.php?rest_route=\/wp\/v2\/pages"}],"about":[{"href":"https:\/\/jawia.pl\/index.php?rest_route=\/wp\/v2\/types\/page"}],"author":[{"embeddable":true,"href":"https:\/\/jawia.pl\/index.php?rest_route=\/wp\/v2\/users\/1"}],"replies":[{"embeddable":true,"href":"https:\/\/jawia.pl\/index.php?rest_route=%2Fwp%2Fv2%2Fcomments&post=76"}],"version-history":[{"count":30,"href":"https:\/\/jawia.pl\/index.php?rest_route=\/wp\/v2\/pages\/76\/revisions"}],"predecessor-version":[{"id":329,"href":"https:\/\/jawia.pl\/index.php?rest_route=\/wp\/v2\/pages\/76\/revisions\/329"}],"wp:attachment":[{"href":"https:\/\/jawia.pl\/index.php?rest_route=%2Fwp%2Fv2%2Fmedia&parent=76"}],"curies":[{"name":"wp","href":"https:\/\/api.w.org\/{rel}","templated":true}]}}